 (15 - -3) + (-3 - 13) - (1 - 5) - 37?
-31
Calculate -19 + -1 - (44 - (-50 + 125)).
11
What is the value of -134 + (7 - 2 - -85)?
-44
What is the value of (13 - (-1 + -2)) + (107 - (-104 - -125))?
102
Evaluate (-8 - (1 + -1)) + (18 - 16) + -15.
-21
Evaluate 4 - -42 - (177 + -93).
-38
-9 + (-22 - (-21 - -9)) + 2 + 6
-11
Evaluate 22 + (-17 - (-4 + 13)).
-4
Evaluate -34 - ((0 - 15) + -5).
-14
What is 32 + (0 - (-2 + (11 - 12 - -4) - 8))?
39
Evaluate -35 + 31 + (41 - 38 - (16 - 0)) + 130.
113
Calculate -22 - 0 - ((-124 - -247) + -112).
-33
7 - (-3 + (3 - 11))
18
Calculate 21 + (47 - (-18 + 20)) + 9.
75
(3 - 1) + (13 + 1 + -17 - 78)
-79
Calculate -42 + -12 + -5 + 1 + 4 + 18.
-36
What is the value of (-86 - -10) + (7 - (-12 + 14) - -12)?
-59
What is the value of 10 - (2 - 37) - (-21 + 1 + 19)?
46
Calculate -20 - (4 - 9) - (10 + (12 - -3 - 8)).
-32
Evaluate (-4 - 0) + 38 + (13 - 23).
24
What is (15 - -23) + (36 - 19)?
55
What is (-16 - -8) + -67 - (-15 + 44 + -10 + -9)?
-85
What is the value of -22 - -52 - (-67 + 55)?
42
Evaluate 118 - (255 - 151) - (0 + 73).
-59
10 + (4 - 12) + 22 - 34
-10
(11 + -5 - 5 - -1) + 84
86
Calculate (-16 + 14 - -11) + (14 - 7) + 0 + -81.
-65
What is 3 + -80 - (2596 + -2604)?
-69
Evaluate (-3 - -10 - -12) + -30 + 9.
-2
What is the value of (-25 - 23) + 108 + -73?
-13
What is -469 + 409 + 0 + 40?
-20
What is -1 - -53 - (101 - 52 - 31)?
34
Evaluate 81 + 53 + (-30 - 59).
45
Evaluate 2 - ((-2 - -5) + 6) - (197 + (-26 - 184)).
6
What is 1 + -1 + -4 - (13 + -17 + -4 + -22)?
26
Evaluate -4 - 24 - (0 + (-10 - -2) - (-1398 + 1382)).
-36
Evaluate (42 - 23) + -3 - 36 - 4 - 121.
-145
What is the value of 37 + -132 + 82 - 7?
-20
What is (54 - (10 + (16 - 25))) + 6?
59
Evaluate (-160 - -102) + -26 + 46.
-38
Calculate -11 + (11 + -13 - -31) - (88 + -19).
-51
Evaluate (-3 - -13) + -18 + -7 - (4 - 18) - 56.
-57
What is -3 + -8 + 42 + -4 + (0 - 10 - -5)?
22
Evaluate (122 + -337 - -249) + (0 - -17).
51
-3 - (-2 - 13) - (1 + -7 + 5) - 7
6
-11 - 3 - (-55 + 8) - 14
19
What is 80 - (14 + (6 - (0 - -9)) + -13)?
82
What is the value of -68 + 12 + (49 - 6)?
-13
Evaluate (-93 - 2) + 47 + 19 + -42.
-71
What is the value of -106 - -190 - 77 - -12?
19
Evaluate -46 - (-8 - (68 + -24)).
6
1 + 2 + -115 - ((-87 - -108) + -10)
-123
Evaluate (-1132 - -1160 - (1 - 1)) + -108.
-80
What is 62 - (56 - -12) - 19?
-25
What is (-1 - (-14 + -1 - (-4 + -13))) + 4?
1
What is 73 + 5 + 6 + 0 + (-8 + 14 - 19)?
71
Evaluate (19 - (19 - -1)) + 15 + -3.
11
Evaluate -123 - (-144 + -102 + 50).
73
34 - (23 + 0 - -29)
-18
Evaluate -1 + 0 + 129 + -40 + -92.
-4
Evaluate 9 + (18 - 22 - 36) + -10.
-41
What is 71 + (-6 - -21) + (12 - (12 + 17))?
69
What is the value of 0 + (8 + (-10 - 10) + 6 - -45)?
39
What is the value of 4 + -86 + 96 + -42 + (0 - 0)?
-28
Calculate 89 + -151 + 94 - (-20 + 2).
50
What is the value of -66 - ((2 - 28) + -4)?
-36
-1431 - -1415 - (-8 + 2)
-10
What is 20 + (2 - (11 - -3 - 20 - -55))?
-27
What is the value of (-2 - (29 + -11)) + (39 - (-5 - 19))?
43
Evaluate -33 + 23 - (-116 + 69).
37
What is the value of -6 + -4 + 2 - (-2 - (-5 - (24 + 2)))?
-37
1309 - 1347 - (8 + -1)
-45
Calculate 0 + 75 - ((80 - 77) + 22).
50
Calculate 11 - 17 - (65 - (-15 + 25)).
-61
Evaluate -13 + -1 - ((-385 - -357) + (-9 - 2) - 18).
43
Evaluate 7 - -4 - (116 - 100) - 4.
-9
-23 - ((-2 - -1) + -13) - 22
-31
Calculate 322 + -340 + (6 - -1).
-11
What is the value of -43 - (2 + 4 + -20 + 34 + 2 + -12)?
-53
What is the value of 16 - (-37 + 23 + 67)?
-37
Calculate -34 + 39 + -60 + 10.
-45
Calculate 7 - 32 - (-22 - (-16 + -8)).
-27
-95 - (-1 + 14 + -62)
-46
Evaluate -421 - -489 - (-19 - -203).
-116
What is (884 - 873) + -66 + 8?
-47
What is the value of 155 + -2 + -5104 + 4959?
8
(2 - ((-5 - -23) + -25 + -2)) + -18
-7
124 + -136 - ((6 - 4 - 1) + -36)
23
What is the value of -34 + (-47 - (-37 - 78))?
34
-44 + 51 + (-1 - 8) + (-9 + 22 - -31)
42
Evaluate (0 + 8 + -34 - -21) + -20.
-25
What is -5187 + 5240 - (-1 + -83)?
137
Calculate (-294 - (30 - 273)) + (0 - -12).
-39
Evaluate -24 + 74 + -48 - -26.
28
Evaluate (1 - -2) + 46 + -103 + 114.
60
Evaluate 28 + (0 - (0 + -7)) - 69.
-34
Calculate -41 - (-155 + 96) - 136.
-118
Evaluate 1 + -17 - ((297 - 293) + (-18 - 1) + 9).
-10
Evaluate (10 + (-6 + -15 - -16) - -11) + -8.
8
Calculate (2 - -2) + -15 - (-32 - -26 - 24).
19
Calculate (-2 - (-3 - -2 - -1)) + (63 - (-15 - -31)).
45
Calculate 22 + -42 - (-1 + -19) - 15.
-15
Calculate 25 - 0 - ((-18 - -1) + -515 + 519).
38
Calculate -132 + -5 + (6 - 2) + (-10 - 1) + 7.
-137
What is the value of (12 - -1 - ((35 - -6) + -27 + -99)) + 4?
102
What is the value of -7 - (5 + -1 - -2) - (-46 - -58)?
-25
What is the value of -6 + (16 + -27 + -20 + 12 - 24)?
-49
Calculate -2997 + 3114 + (-71 - 1).
45
What is the value of 1 + -26 + (110 - 159) + 39?
-35
(33 + -42 + -45 - ((0 - -2) + -4)) + 6
-46
-66 + -76 + 125 - (-122 - -2)
103
What is 18 - 1 - (14 + -39 + 0 + 21)?
21
What is the value of -25 + 53 - -41 - (-11 - 6)?
86
What is -23 - (-24 - (-16 + -32))?
-47
Calculate (53 - 1 - (-789 - -827)) + 96 + -1.
109
What is the value of (6 + (-7 - 0) - (233 - 212)) + 141?
119
What is the value of -3 - (5 + -14 - -9 - 12) - -12?
21
Calculate 51 - 26 - (6 + (15 - 71)).
75
What is the value of (12 - (-17 + 16)) + -26 + 15 + -5?
-3
What is the value of 8 - (1 - (1 + 0)) - (41 - (73 - 87))?
-47
-31 + (-25 - -64 - (-3 - -26))
-15
What is the value of -2 - (-149 + 150 - (4 + -4 + -3))?
-6
What is 4 - (47 + -49 - (-24 - (1 - 7)))?
-12
What is the value of 52 + -6 + 18 - (4 + (-22 - -5))?
77
What is the value of 6 - 38 - -17 - (34 + -15)?
-34
Evaluate -3 - 2 - (-8 + (-155 - -68)).
90
Calculate 4 + 15 + 21 + -49 + 16 + 17.
24
Calculate -22 + -2 + -128 + 116.
-36
Calculate (108 - 32) + -21 + -10.
45
Evaluate 10025 + -9919 + (-3 - (-1 - (1 + 1))) + 12.
118
What is 210 + -323 - (-6 + -36)?
-71
What is the value of 14 + 13 + -6 - 1 - -4?
24
Evaluate (-2 + 26 + -22 - (-105 - (-2 - 0))) + 2.
107
What is the value of -4 + (-23 - (-14 + -4)) + -21?
-30
What is the value of 114 + -26 + 7 + (3 - 25) - -2?
75
What is the value of 68 + -39 + -46 - -19?
2
What is (2 - (-73 + -16)) + -72?
19
(-63 + 9 - -132) + (4 - -42)
124
Evaluate (68 + 0 - (49 + -41)) + (21 - 3).
78
Evaluate 13 + -3 + (-1 - (-4 - 0) - -40).
53
Evaluate 14 + 1 + 1 + (150 - 163).
3
What is the value of (-3 + 2 - 12) + -34 + 142 + -22?
73
Calculate -15 + 39 - -42 - 28.
38
Calculate -22 + (9 + 0 - -8 - -41).
36
What is -21 + (-13 - 18) - -52?
0
Calculate 17 + -63 + 60 + (-2 - -10) + -1.
21
Calculate 17 + -9 + 24 + -2 + -18.
12
What is (-18 - -2) + (91 - (-19 + (-4 - 1)))?
99
What is the value of (-2 + -3 - (-4 - -1)) + (-3 - (43 + -38))?
-10
-46 - (0 - ((6 - (-11 + 2)) + -14))
-45
Calculate 46 + (-48 - (1 + 6)).
-9
Calculate (279 - 282) + 11 + -167 + (-1 - -12).
-148
Calculate (-8 - (13 - 7)) + (7 - -1) + -2 + 3.
-5
What is (8 - (-10 + 29 + -14)) + (5 - 6) + 37?
39
Evaluate (-2 - -35) + (-73 - (-97 - -10)).
47
What is the value of ((-29 - -15) + 92 - 13) + 7 - 8?
64
Calculate (-48 + 10 + 18 - -21) + -2.
-1
What is 6 - (8 + (-5 - -23) - 14) - (-1 - 103)?
98
Evaluate 5 + 1 + (-37 - -21) + -30 + -51.
-91
Calculate 63 + 12 + 11 + (1 - -6 - 17) + -19.
57
14 + (9 - (38 + (-16 - -8))) + -29
-36
Calculate 15 - (-24 + 9 + -2 + -10).
42
What is the value of 43 - (-131 + 35 + 103)?
36
Calculate -29 + -13 + 31 + 9 + -24.
-26
What is the value of -39 + 42 + 50 + 0 - (1 + -5 + 14)?
43
What is the value of 57 - (31 + 17 - -7)?
2
Evaluate 9 + (-33 - -5) + 0 + 50.
31
What is (10 - ((-92 - -83) + (19 - 0) + 56)) + -1?
-57
Evaluate -8 - -91 - ((7 - 12) + 21).
67
90 + (-49 - (-18 - -23))
36
Evaluate (6 - (-15 + -2) - 53) + 15.
-15
What is 29 + (-17 - (61 - 53))?
4
Evaluate 1 - (2 - -7) - ((0 - 10) + 41).
-39
(32 - (1 - 5)) + (31 + -45 - -24)
46
What is 5 - (3 - 5) - 15 - (-3 + 0) - -44?
39
What is -24 - ((-15 - -5) + 61 + -52)?
-23
What is 54 + -58 + 149 + -87?
58
What is the value of (0 - ((2 - -1) + 0)) + (13 - -1) - 2?
9
What is (-102 - -103) + (-5 + 1 - (-15 - 2 - 37))?
51
Evaluate 21 + -18 - (55 - 90).
38
Evaluate -808 + 917 - (-1 - -51).
59
What is 668 - 653 - (-20 - (-6 - -4))?
33
-450 - -485 - (-86 - -1)
120
What is (4 + -3 - -1 - -10) + (-45 - (-44 - -5))?
6
What is the value of 5 + (1 - 